1
Let o be ((-1*2)/2)/(-1). Let h(u) = -3 - u**3 - 2*u + 3 - o - u**2. Let w(m) = -m**3 - 7*m**2 + 9*m + 6. Let q be w(-8). Calculate h(q).
7
Let j(a) = 7*a + 3. Let b(m) = 15*m + 7. Let h(z) = 4*z - 7. Let r be h(5). Let v(d) = r*j(d) - 6*b(d). What is v(3)?
0
Let t be (-18)/21*14/(-3). Let j(c) = -c**3 + 3*c**2 + 6*c - 1. Give j(t).
7
Let p = 0 + 5. Suppose -3*l = -1 - p. Let o(m) = 2 + 4*m - 1 - m**2 + 0*m. Determine o(l).
5
Let m(n) = -n**3 + 3*n**2 + 3*n - 2. Let s(g) = -g**2 - 6*g - 2. Let a be s(-6). Let r be 2 + (-1)/(-3 - a). Suppose -r*t + 7 = -5. Determine m(t).
-6
Let n(q) = 2*q**2 + 5 + 5*q - 5 - 3*q**2 - 9. Suppose -5*f + 2*f = -3*o - 6, 0 = 5*f + 2*o - 38. Calculate n(f).
-15
Let q(f) = f + 2. Let a(x) = x**2 - 6*x - 2. Let y be a(7). Let s = 7 - y. Suppose -2*l = -5*h - 19, -h = -s*l + 3*l + 8. Give q(l).
-1
Let y(t) = -t**3 - 4*t**2 - 5. Suppose -o = 2*o - 12, -2*o = -q - 7. Let r be (-13 - -11)/(q/2). Determine y(r).
-5
Suppose -3*w - 4*b - 4 = 0, -w = 2*w - 5*b - 32. Let y(a) = -3*a**2 + 2*a**2 + 7 - 1 - w*a + 0*a**2. Determine y(-6).
-6
Let m(x) be the second derivative of x**3/6 + 6*x**2 + x - 47. Give m(-8).
4
Let m(g) = -g**3 - 5*g**2 - g. Let a be m(-5). Suppose 15 = a*t - 2*t. Suppose t*u - o + 3 = 9, 2*o - 12 = -2*u. Let v(s) = -s**2 + s. What is v(u)?
-2
Suppose 0 = -5*c + 14 + 1. Suppose c*l - 5*l = -2. Let q(k) = -1 + k - 2*k + l - 3*k**2. Calculate q(-1).
-2
Let r(x) = x**3 - 17*x + 2 - 3*x**2 + 16*x - 4*x**2. Determine r(7).
-5
Suppose 4*r = 3*l - 18, -4*l - 1 = -r + 4*r. Let m(s) = -1 - 1 - 3 + s + l. Let c(n) = -n**3 - n**2 + 6. Let w be c(0). What is m(w)?
3
Let k = -4 + 3. Let b(f) be the first derivative of f**4/2 + f**2/2 + f + 1. Let u(r) be the first derivative of b(r). Determine u(k).
7
Suppose a = -a - v - 6, 5*a = 3*v - 37. Let w be ((-12)/(-9))/((-4)/(-6)). Let p(q) = 4*q - 2*q**3 + 2*q + 7 + 6*q**w + 3*q**3. Calculate p(a).
2
Let d(x) = -x + 1. Let l be (-1)/(-5) + (-48)/(-60). What is d(l)?
0
Let o(r) = r**2 + 9*r - 3. Let g be o(-9). Let y(d) = -d**3 - 4*d**2 - 5*d - 2. Give y(g).
4
Let p be (-7 + 1)*6/(-12). Let r(w) = -w**2 + 3*w - 4. What is r(p)?
-4
Let n(x) = 11 + 9 - 16 - 6*x. Let t(j) = 11*j - 7. Let l(w) = -5*n(w) - 3*t(w). Suppose -4*s = 1 + 3. Give l(s).
4
Let c(o) = -3*o - 3. Let p be c(-3). Suppose 0*j = 3*j - p. Let z(h) = h**2 + 3*h + 0*h**j + 3 + h**3 - 5*h**2. What is z(3)?
3
Let k be (-2)/6 - 2/3. Let x be (-2 - k) + 0 - 0. Let j(y) = 8*y**2 + y. Determine j(x).
7
Let z(i) = 6*i**2 + i + 1. Let g be (4 - 1) + 2 + 0. Let b = g + -6. Calculate z(b).
6
Suppose 10*n - 11*n + 2 = 0. Let g(o) = o**2 - 2*o. What is g(n)?
0
Let t(b) = b + 4. Suppose 0 = 2*q - 3*q + 14. Let x be 46/14 + q/(-49). Let h(p) = p**3 - 5*p**2 + 3*p + 4. Let w be h(x). Give t(w).
-1
Suppose -15 = -2*c - c. Let n(l) = -l**3 + 5*l**2 - l - 3. Determine n(c).
-8
Let n(j) = -j**2 + 9*j + 10. Let m be (5/10)/(-1)*-14. Calculate n(m).
24
Suppose -11 = 4*v + 9. Let n(k) be the first derivative of 1/2*k**2 - 3 - k. What is n(v)?
-6
Let v(j) be the third derivative of j**4/24 - 4*j**3/3 + 5*j**2. Give v(7).
-1
Let y(c) be the first derivative of c**4/4 - 2*c**3 + 7*c**2/2 - 5*c - 7. Calculate y(5).
5
Let h(s) = s**3 + 3*s**2 + 4*s + 2. Suppose 8 = -11*r + 7*r. Calculate h(r).
-2
Let n(s) = -2*s - 5. Let a(t) = 2*t + 6. Let r(o) = -4*a(o) - 5*n(o). Calculate r(2).
5
Let u(z) = -z**3 - z**2 - z - 1. Let h = 0 + 2. Suppose -2*c - 6 = n, 7*c - h*c = 4*n - 41. Suppose 0 = n*x - 2*y + 18, 0 = 3*x - y + 11. Calculate u(x).
5
Let f(h) = 2*h - 5. Let m be f(5). Suppose -m*n + z = -25, -2*z + 5 = -n + 10. Let l(q) be the third derivative of -q**4/24 - q**3/3 + 74*q**2. Give l(n).
-7
Let s = -9 - -8. Let o be 5/(-1 + (s - -3)). Let u(p) = o*p**2 - 7*p - 2*p**2 - 4 - 4*p**2. Determine u(-6).
2
Let s(j) be the third derivative of j**4/24 + 5*j**3/3 + j**2. Let z be ((-24)/(-9))/((-2)/(-3)). Let a(p) = p - 4. Let t be a(z). Determine s(t).
10
Let c(h) = h**3 + 6*h**2 + 6*h - 4. Let u(l) = l**3 - 5*l**2 - 6*l + 1. Let w be u(6). Suppose 5*k = 2 + 3, 4*k = -v + 8. Suppose r = -w - v. Calculate c(r).
-9
Let a(i) = i**3 + 8*i**2 - 10*i - 4. Let c be a(-9). Let r(o) = -o**2 + o + 1. Let h(w) = -w**3 + 9*w**2 - w + 1. Let p(z) = h(z) + 5*r(z). Calculate p(c).
1
Suppose -3*m = 0, 3 + 4 = o - 4*m. Suppose y = -3 + o. Let i(p) = -p**3 + 4*p**2 - 2*p + 2. What is i(y)?
-6
Let g = 0 + 3. Let w(l) = 4*l**3 + 2*l + 3. Let x(m) = -7*m**3 + m**2 - 3*m - 5. Let y(n) = 3*n - 7. Let p be y(4). Let i(d) = p*w(d) + 3*x(d). Give i(g).
3
Let y(a) = -3*a**2 - a + 2. Let v(l) = 10*l**2 + 3*l - 7. Let r(n) = -2*v(n) - 7*y(n). What is r(-3)?
6
Let y be -12*4*3/24. Let d(k) = k**3 + 6*k**2 + 4*k + 7. Calculate d(y).
-17
Let y = 10 - 6. Let o(m) = m**2 - 4*m + 4. Determine o(y).
4
Suppose -3*s + 42 = 3*c, 5*c = -6*s + 4*s + 40. Let d be 3/(-6) + s/4. Suppose -d*a = a. Let k(m) = -m + 3. Give k(a).
3
Let l be 1/((-2)/((-2)/(-1))). Let k(w) = 2*w**2 + 2*w + 1. What is k(l)?
1
Let w(g) be the first derivative of -4*g - 3 + 3/2*g**2. Calculate w(3).
5
Let g(k) = -2*k + 9. Let i be g(7). Let z(u) = u + 14. Let q(b) = -7. Let c be (-69)/(-21) + 2/(-7). Let t(r) = c*z(r) + 5*q(r). Give t(i).
-8
Let j be (2 - 3) + 4 + (-8 - 0). Let r(n) = -4*n + 1. Give r(j).
21
Let h(v) be the first derivative of v**3/3 + v**2/2 + 3*v - 2. What is h(0)?
3
Let w(i) = i**2 - 7*i + 13. Let y(j) = j**2 - 6*j + 14. Let t(v) = 5*w(v) - 4*y(v). Calculate t(7).
-19
Let t be ((-20)/25)/((-2)/5). Let j = t + 3. Let v(y) = -y**2 + 2*y + 1. What is v(j)?
-14
Let n(p) = 2*p + 3. Let r be n(0). Let y(f) be the first derivative of -1/4*f**4 - 3*f - 2 + 4/3*f**r - f**2. What is y(3)?
0
Suppose l = -1 - 2. Let c(v) = v**3 + 0*v**3 - 8*v + 6*v + 2*v**2 + 3 - 1. Determine c(l).
-1
Suppose -5*b = -6*b - 4, b + 16 = 4*x. Suppose -a - x = 3. Let q = 11 + a. Let t(g) = g**2 - 5*g - 2. Calculate t(q).
-2
Let l be 14/8 - 2/(-8). Let y(p) = 0*p**3 - 3*p**2 + 5*p**3 + p**2 - 4*p**3. Determine y(l).
0
Let n(k) = k**2 - 4*k - 3. Let o(q) = q**2 - 3*q - 1. Let i be o(4). Determine n(i).
-6
Let y be 3 - ((6 - 2) + -3). Suppose -11*b + 10*b = y. Let x(j) = 2 - 3 + 2 - j. What is x(b)?
3
Let z(i) = -5*i**2 + 1. Let d be 2/5 - 12/5. Let s be d - -2 - (0 + 1). What is z(s)?
-4
Let x(q) = -q**2 + 6 - 4*q + 3*q**2 - 7. Give x(3).
5
Let l(q) = 4*q + 7. Let a(p) = -3*p - 8. Let y(t) = -5*a(t) - 4*l(t). What is y(6)?
6
Let x(p) = p**2 + 10*p. Let u(b) = -3*b. Let y(j) = -7*u(j) - 2*x(j). Suppose 2*t + 2 = 0, 0*t = -3*w + 3*t. Let n be (-1)/(w/2*-2). Calculate y(n).
-3
Let t(s) be the second derivative of 5/6*s**3 + 0 - s + 0*s**2. Suppose -a + 2 = 3. What is t(a)?
-5
Let n(q) = 4*q + 12. Let b(t) = -1. Let g(j) = 16*b(j) + n(j). Calculate g(3).
8
Let v(d) = -6*d + 9. Let b(h) = -11*h + 16. Let q(c) = -4*b(c) + 7*v(c). Calculate q(5).
9
Let x(r) = 3*r**2 + 1 - r**2 - 4*r**2. Suppose -2*q + 3*j - 1 = -9, 3*q + 3*j = -18. Give x(q).
-7
Let q(r) = 2*r**2 + 4*r + 3. Let l(c) = -c**3 - 2*c**2 - 2. Let g be l(0). Give q(g).
3
Suppose -4*s - 4 = -6*s. Let y(n) = 61 + n**s - 10*n - 25 - 26. Give y(8).
-6
Let y(r) = 5*r**3 - 3*r**2 + 2*r + 4. Let v(z) = -z**3 - z - 1. Let d(x) = 4*v(x) + y(x). Determine d(4).
8
Let h be 3/(-5) + (-4)/10. Let l(w) = -5*w**2 - 2*w - 1. What is l(h)?
-4
Let u = -13 - -16. Suppose -12 = 5*s + u. Let c(m) = -m**3 - 3*m**2 + 2*m - 1. Give c(s).
-7
Let i(l) = l**2 + 6*l + 4. Suppose 2*v + 0 = 2. Let u(h) = 8*h + 7. Let o(j) = -4*j - 3. Let t(k) = 9*o(k) + 4*u(k). Let p be t(v). Determine i(p).
-5
Let n(x) = -x + 4. Let v(z) = -2*z - 4. Let j(t) = -t. Let d(i) = 4*j(i) - v(i). Let q(a) = -3*d(a) + 2*n(a). What is q(3)?
8
Let j(x) = -2*x**2 + x + 3. Let n(h) be the first derivative of h + 2. Let z(k) = -j(k) + 2*n(k). Suppose -4*w = -8*w + 8. Give z(w).
5
Let t(r) = 9*r + 2. Let c(f) = -10*f - 1. Let z(b) = -3*c(b) - 2*t(b). What is z(1)?
11
Let l(w) = 9*w + 2*w - 10*w - 4. Let m be l(-2). Let k(g) = -g**3 - 7*g**2 - 5*g - 4. What is k(m)?
-10
Suppose -6*w - 1 + 19 = 0. Let b(r) be the second derivative of -3*r**2 + 1/6*r**w + 4*r + 0. Give b(0).
-6
Let m(v) = -v + 10. Let o be m(7). Let b(u) = 5*u - o*u - 2 - 2. Let d be -2*((-4)/(-8) + -3). Calculate b(d).
6
Let z(a) = 4*a**2 - 2*a. Let f be 2/8 - (-49)/2